{"id":3674,"date":"2015-06-11T22:19:09","date_gmt":"2015-06-11T20:19:09","guid":{"rendered":"http:\/\/www.tc-juegesheim.de\/?page_id=3674"},"modified":"2026-03-25T17:11:42","modified_gmt":"2026-03-25T16:11:42","slug":"feriencamp","status":"publish","type":"page","link":"https:\/\/www.tc-juegesheim.de\/?page_id=3674","title":{"rendered":"Tenniscamp"},"content":{"rendered":"<div class='flex_column av-186fx6-0bb5f8f4252a21021851ba7cbd2f3023 av_one_half  avia-builder-el-0  el_before_av_one_half  avia-builder-el-first  first flex_column_div '     ><section  class='av_textblock_section av-alpi6y-97563836628b420ec5532b36d35203af'  itemscope=\"itemscope\" itemtype=\"https:\/\/schema.org\/CreativeWork\" ><div class='avia_textblock'  itemprop=\"text\" ><p>W\u00e4hrend der Sommerferien bieten wir auch in diesem Jahr f\u00fcr Kinder und Jugendliche Tennis-Ferien-Camps\u00a0im TC J\u00fcgesheim an.<\/p>\n<p><strong><u>Das TCJ Ferien-Camp<\/u><\/strong><\/p>\n<p>findet in der 1. Ferienwoche der Sommerferien von Montag, 29. Juni bis Freitag, 03. Juli 2026 statt.<\/p>\n<p>Das Camp ist f\u00fcr alle Kinder und Jugendlichen von 8 Jahre bis 18 Jahre oder Kinder mit voller Spielf\u00e4higkeit im Gro\u00dffeld U9. Schwerpunkt liegt auf Tennis, es gibt Vielseitigkeitstraining mit Fu\u00dfball, Fitness, Koordination usw.<\/p>\n<p>Am Freitag findet das Abschlussturnier mit anschlie\u00dfender Siegerehrung f\u00fcr alle Teilnehmer statt.<\/p>\n<p>Individuelle Einteilung nach Alter und Spielst\u00e4rke der Kinder und Jugendlichen.<\/p>\n<p>Die Teilnehmerzahl ist durch die Platzkapazit\u00e4t der Anlage auf ca. 40 Kinder und Jugendliche begrenzt.<\/p>\n<p><strong><u>Tagesablauf TCJ Ferien-Camp \/ 09.00 \u2013 15.00 Uhr<\/u><\/strong><\/p>\n<p>09.00 \u2013 09.30 Waldlauf \/ Stretching \/ Koordination<\/p>\n<p>09:30 \u2013 12:30 Tennistraining, aufgeteilt in 3 Einheiten<\/p>\n<p>12.30 \u2013 13:30 Mittagspause (Essen und Getr\u00e4nke inklusive)<\/p>\n<p>13:30 \u2013 15:00 Matchpraxis \/ Abschlussspiel<\/p>\n<p><strong><u>Preis:<\/u><\/strong><\/p>\n<p>TCJ Mitglieder \u20ac 190.-\u00a0\u00a0\u00a0\u00a0\u00a0\u00a0\u00a0\u00a0\u00a0\u00a0 Nichtmitglieder \u20ac 240.-<\/p>\n<p>Anmeldungen sind ab 01. Mai m\u00f6glich<br \/>\nper E-Mail unter vorstand.jugend@tc-juegesheim.de an Antonia Steffes.<\/p>\n<p>&#8212;&#8212;&#8212;&#8212;&#8212;&#8212;&#8212;&#8212;&#8212;&#8212;&#8212;&#8212;&#8212;&#8212;&#8212;&#8212;&#8212;&#8212;&#8212;&#8212;&#8212;&#8212;&#8212;&#8212;&#8212;&#8212;&#8212;&#8212;&#8212;&#8212;&#8212;&#8212;&#8212;&#8212;&#8212;&#8212;&#8212;&#8212;&#8212;&#8212;&#8212;<\/p>\n<p><strong><u>J\u00fcngstes Ferien-Camp<\/u><\/strong><\/p>\n<p>findet in der 6. Ferienwoche der Sommerferien von Montag, 03. August bis Freitag, 07. August 2026 statt und wird \u00fcber unseren Vereinstrainer Andreas Karnbach und seiner Tennisschule angeboten.<\/p>\n<p>Das j\u00fcngsten Ferien-Camp ist f\u00fcr alle Kinder von 5 bis 10 Jahren.<\/p>\n<p>Spiel und Spa\u00df an Bewegung und nat\u00fcrlich das Tennisspiel stehen hier im Mittelpunkt. Ebenso wollen wir in leistungsgerechten Gruppen individuell auf die Kinder eingehen und unsere fortgeschrittenen J\u00fcngsten auf Turniere vorbereiten. Selbstverst\u00e4ndlich ist auch neuer Nachwuchs, der bislang noch nicht mit dem Tennissport in Ber\u00fchrung kam, herzlich willkommen. Das Training findet im Kleinfeldbereich mit U8 B\u00e4llen (Stage 3, rot) statt.<\/p>\n<p><strong><u>Tagesablauf j\u00fcngsten Ferien-Camp \/ 09.00 \u2013 12.30 Uhr<\/u><\/strong><\/p>\n<p>09.00 \u2013 09.30 Waldlauf \/ Stretching \/ Koordination<\/p>\n<p>09:30 \u2013 12:30 Tennistraining und Matchpraxis<\/p>\n<p>W\u00e4hrend des Camps stellen wir kleine Snacks und Getr\u00e4nke f\u00fcr die Kinder bereit. Am letzten Camp \u2013 Tag (Freitag) findet unser Abschluss \u2013 Turnier und Olympiade statt, bei welchem alle Kinder Urkunden und kleine Preise bekommen.<\/p>\n<p><strong><u>Preis:<\/u><\/strong><\/p>\n<p>TCJ Mitglieder \u20ac 130.-\u00a0\u00a0\u00a0\u00a0\u00a0\u00a0\u00a0\u00a0\u00a0\u00a0 Nichtmitglieder \u20ac 150.-<\/p>\n<p>Anmeldungen sind ab 01. Mai m\u00f6glich<br \/>\nper E-Mail unter andreas.karnbach@gmx.de oder WhatsApp 0171-6870477<\/p>\n<\/div><\/section><\/div>\n<style type=\"text\/css\" data-created_by=\"avia_inline_auto\" id=\"style-css-av-8hxo16-9cbcd56ad5646e85d3ec2373adc73c40\">\n.flex_column.av-8hxo16-9cbcd56ad5646e85d3ec2373adc73c40{\n-webkit-border-radius:0px 0px 0px 0px;\n-moz-border-radius:0px 0px 0px 0px;\nborder-radius:0px 0px 0px 0px;\npadding:0px 0px 0px 0px;\n}\n<\/style>\n<div class='flex_column av-8hxo16-9cbcd56ad5646e85d3ec2373adc73c40 av_one_half  avia-builder-el-2  el_after_av_one_half  avia-builder-el-last  flex_column_div av-zero-column-padding '     ><p>\n\n<style type=\"text\/css\" data-created_by=\"avia_inline_auto\" id=\"style-css-av-30kgzu-6e5dca1f63bebdc5bb419696e01dff8c\">\n#top .av-special-heading.av-30kgzu-6e5dca1f63bebdc5bb419696e01dff8c{\npadding-bottom:10px;\n}\nbody .av-special-heading.av-30kgzu-6e5dca1f63bebdc5bb419696e01dff8c .av-special-heading-tag .heading-char{\nfont-size:25px;\n}\n.av-special-heading.av-30kgzu-6e5dca1f63bebdc5bb419696e01dff8c .av-subheading{\nfont-size:15px;\n}\n<\/style>\n<div  class='av-special-heading av-30kgzu-6e5dca1f63bebdc5bb419696e01dff8c av-special-heading-h3  avia-builder-el-3  el_before_av_gallery  avia-builder-el-first '><h3 class='av-special-heading-tag'  itemprop=\"headline\"  >Eindr\u00fccke der letzten Jahre<\/h3><div class=\"special-heading-border\"><div class=\"special-heading-inner-border\"><\/div><\/div><\/div><br \/>\n\n<style type=\"text\/css\" data-created_by=\"avia_inline_auto\" id=\"style-css-av-6b1qdm-a07f3e62c45185fc29b65a0cad9ebf1f\">\n#top .avia-gallery.av-6b1qdm-a07f3e62c45185fc29b65a0cad9ebf1f .avia-gallery-thumb a{\nwidth:20%;\n}\n<\/style>\n<div  class='avia-gallery av-6b1qdm-a07f3e62c45185fc29b65a0cad9ebf1f avia_animate_when_visible  avia-builder-el-4  el_after_av_heading  avia-builder-el-last  avia_lazyload avia-gallery-animate avia-gallery-1'  itemprop=\"image\" itemscope=\"itemscope\" itemtype=\"https:\/\/schema.org\/ImageObject\" ><meta itemprop=\"contentURL\" content=\"https:\/\/www.tc-juegesheim.de\/?page_id=3674\"><div class='avia-gallery-thumb'><a href=\"https:\/\/www.tc-juegesheim.de\/wp-content\/uploads\/Camp_04-1030x687.jpg\" data-rel='gallery-1' data-prev-img='https:\/\/www.tc-juegesheim.de\/wp-content\/uploads\/Camp_04-495x400.jpg' class='first_thumb lightbox ' data-onclick='1' title='Camp_04'  itemprop=\"thumbnailUrl\"  ><img class=\"wp-image-3687 avia-img-lazy-loading-not-3687\"   src='https:\/\/www.tc-juegesheim.de\/wp-content\/uploads\/Camp_04-495x400.jpg' width='495' height='400'  title='Camp_04' alt='' \/><div class='big-prev-fake'><img class=\"wp-image-3687 avia-img-lazy-loading-3687\"  width='495' height='400' src='https:\/\/www.tc-juegesheim.de\/wp-content\/uploads\/Camp_04-495x400.jpg' title='Camp_04' alt='' \/><\/div><\/a><a href=\"https:\/\/www.tc-juegesheim.de\/wp-content\/uploads\/Camp_03-1030x687.jpg\" data-rel='gallery-1' data-prev-img='https:\/\/www.tc-juegesheim.de\/wp-content\/uploads\/Camp_03-495x400.jpg' class='lightbox ' data-onclick='2' title='Camp_03'  itemprop=\"thumbnailUrl\"  ><img class=\"wp-image-3686 avia-img-lazy-loading-not-3686\"   src='https:\/\/www.tc-juegesheim.de\/wp-content\/uploads\/Camp_03-495x400.jpg' width='495' height='400'  title='Camp_03' alt='' \/><div class='big-prev-fake'><img class=\"wp-image-3686 avia-img-lazy-loading-3686\"  width='495' height='400' src='https:\/\/www.tc-juegesheim.de\/wp-content\/uploads\/Camp_03-495x400.jpg' title='Camp_03' alt='' \/><\/div><\/a><a href=\"https:\/\/www.tc-juegesheim.de\/wp-content\/uploads\/Camp_02-1030x687.jpg\" data-rel='gallery-1' data-prev-img='https:\/\/www.tc-juegesheim.de\/wp-content\/uploads\/Camp_02-495x400.jpg' class='lightbox ' data-onclick='3' title='Camp_02'  itemprop=\"thumbnailUrl\"  ><img class=\"wp-image-3685 avia-img-lazy-loading-not-3685\"   src='https:\/\/www.tc-juegesheim.de\/wp-content\/uploads\/Camp_02-495x400.jpg' width='495' height='400'  title='Camp_02' alt='' \/><div class='big-prev-fake'><img class=\"wp-image-3685 avia-img-lazy-loading-3685\"  width='495' height='400' src='https:\/\/www.tc-juegesheim.de\/wp-content\/uploads\/Camp_02-495x400.jpg' title='Camp_02' alt='' \/><\/div><\/a><a href=\"https:\/\/www.tc-juegesheim.de\/wp-content\/uploads\/Camp_01-1030x687.jpg\" data-rel='gallery-1' data-prev-img='https:\/\/www.tc-juegesheim.de\/wp-content\/uploads\/Camp_01-495x400.jpg' class='lightbox ' data-onclick='4' title='Camp_01'  itemprop=\"thumbnailUrl\"  ><img class=\"wp-image-3684 avia-img-lazy-loading-not-3684\"   src='https:\/\/www.tc-juegesheim.de\/wp-content\/uploads\/Camp_01-495x400.jpg' width='495' height='400'  title='Camp_01' alt='' \/><div class='big-prev-fake'><img class=\"wp-image-3684 avia-img-lazy-loading-3684\"  width='495' height='400' src='https:\/\/www.tc-juegesheim.de\/wp-content\/uploads\/Camp_01-495x400.jpg' title='Camp_01' alt='' \/><\/div><\/a><\/div><\/div><\/p><\/div><\/p>\n","protected":false},"excerpt":{"rendered":"","protected":false},"author":1,"featured_media":0,"parent":0,"menu_order":0,"comment_status":"open","ping_status":"open","template":"","meta":{"footnotes":""},"_links":{"self":[{"href":"https:\/\/www.tc-juegesheim.de\/index.php?rest_route=\/wp\/v2\/pages\/3674"}],"collection":[{"href":"https:\/\/www.tc-juegesheim.de\/index.php?rest_route=\/wp\/v2\/pages"}],"about":[{"href":"https:\/\/www.tc-juegesheim.de\/index.php?rest_route=\/wp\/v2\/types\/page"}],"author":[{"embeddable":true,"href":"https:\/\/www.tc-juegesheim.de\/index.php?rest_route=\/wp\/v2\/users\/1"}],"replies":[{"embeddable":true,"href":"https:\/\/www.tc-juegesheim.de\/index.php?rest_route=%2Fwp%2Fv2%2Fcomments&post=3674"}],"version-history":[{"count":60,"href":"https:\/\/www.tc-juegesheim.de\/index.php?rest_route=\/wp\/v2\/pages\/3674\/revisions"}],"predecessor-version":[{"id":4997,"href":"https:\/\/www.tc-juegesheim.de\/index.php?rest_route=\/wp\/v2\/pages\/3674\/revisions\/4997"}],"wp:attachment":[{"href":"https:\/\/www.tc-juegesheim.de\/index.php?rest_route=%2Fwp%2Fv2%2Fmedia&parent=3674"}],"curies":[{"name":"wp","href":"https:\/\/api.w.org\/{rel}","templated":true}]}}